{"id":1683,"date":"2023-01-16T17:46:20","date_gmt":"2023-01-16T16:46:20","guid":{"rendered":"https:\/\/okam-ortho.fr\/?page_id=1683"},"modified":"2023-07-29T20:33:40","modified_gmt":"2023-07-29T18:33:40","slug":"ortheses-de-positionnement","status":"publish","type":"page","link":"https:\/\/www.okam-ortho.fr\/index.php\/ortheses-de-positionnement\/","title":{"rendered":"Orth\u00e8ses de positionnement"},"content":{"rendered":"<style>.kb-row-layout-id_f6576f-37 > .kt-row-column-wrap{align-content:center;}:where(.kb-row-layout-id_f6576f-37 > .kt-row-column-wrap) > .wp-block-kadence-column{justify-content:center;}.kb-row-layout-id_f6576f-37 > .kt-row-column-wrap{column-gap:var(--global-kb-gap-md, 2rem);row-gap:var(--global-kb-gap-md, 2rem);max-width:var( --global-content-width, 1290px );padding-left:var(--global-content-edge-padding);padding-right:var(--global-content-edge-padding);padding-top:275px;padding-bottom:25px;grid-template-columns:minmax(0, 1fr);}.kb-row-layout-id_f6576f-37{background-image:url('https:\/\/www.okam-ortho.fr\/wp-content\/uploads\/2023\/01\/bandeau-gris.jpg');background-size:cover;background-position:center center;background-attachment:scroll;background-repeat:no-repeat;}.kb-row-layout-id_f6576f-37 > .kt-row-layout-overlay{opacity:0.35;background-color:var(--global-palette9, #ffffff);}@media all and (max-width: 1024px){.kb-row-layout-id_f6576f-37 > .kt-row-column-wrap{grid-template-columns:minmax(0, 1fr);}}@media all and (max-width: 767px){.kb-row-layout-id_f6576f-37 > .kt-row-column-wrap{grid-template-columns:minmax(0, 1fr);}}<\/style><div class=\"kb-row-layout-wrap kb-row-layout-id_f6576f-37 alignnone kt-row-has-bg wp-block-kadence-rowlayout\"><div class=\"kt-row-layout-overlay kt-row-overlay-normal\"><\/div><div class=\"kt-row-column-wrap kt-has-1-columns kt-row-layout-equal kt-tab-layout-inherit kt-mobile-layout-row kt-row-valign-middle kb-theme-content-width\">\n<style>.kadence-column_c5d8ef-3e > .kt-inside-inner-col,.kadence-column_c5d8ef-3e > .kt-inside-inner-col:before{border-top-left-radius:0px;border-top-right-radius:0px;border-bottom-right-radius:0px;border-bottom-left-radius:0px;}.kadence-column_c5d8ef-3e > .kt-inside-inner-col{column-gap:var(--global-kb-gap-sm, 1rem);}.kadence-column_c5d8ef-3e > .kt-inside-inner-col{flex-direction:column;}.kadence-column_c5d8ef-3e > .kt-inside-inner-col > .aligncenter{width:100%;}.kadence-column_c5d8ef-3e > .kt-inside-inner-col:before{opacity:0.3;}.kadence-column_c5d8ef-3e{position:relative;}@media all and (max-width: 1024px){.kadence-column_c5d8ef-3e > .kt-inside-inner-col{flex-direction:column;justify-content:center;}}@media all and (max-width: 767px){.kadence-column_c5d8ef-3e > .kt-inside-inner-col{flex-direction:column;justify-content:center;}}<\/style>\n<div class=\"wp-block-kadence-column kadence-column_c5d8ef-3e inner-column-1\"><div class=\"kt-inside-inner-col\"><\/div><\/div>\n\n<\/div><\/div>\n\n\n<h2 class=\"wp-block-heading has-text-align-center\" style=\"font-style:normal;font-weight:300\"><strong>Orth\u00e8se de positionnement :<\/strong><\/h2>\n\n\n<style>.kb-row-layout-id_9f6eca-a3 > .kt-row-column-wrap{align-content:start;}:where(.kb-row-layout-id_9f6eca-a3 > .kt-row-column-wrap) > .wp-block-kadence-column{justify-content:start;}.kb-row-layout-id_9f6eca-a3 > .kt-row-column-wrap{column-gap:var(--global-kb-gap-md, 2rem);row-gap:var(--global-kb-gap-md, 2rem);max-width:var( --global-content-width, 1290px );padding-left:var(--global-content-edge-padding);padding-right:var(--global-content-edge-padding);padding-top:var(--global-kb-spacing-sm, 1.5rem);padding-bottom:var(--global-kb-spacing-sm, 1.5rem);grid-template-columns:minmax(0, 1fr);}.kb-row-layout-id_9f6eca-a3 > .kt-row-layout-overlay{opacity:0.30;}@media all and (max-width: 1024px){.kb-row-layout-id_9f6eca-a3 > .kt-row-column-wrap{grid-template-columns:minmax(0, 1fr);}}@media all and (max-width: 767px){.kb-row-layout-id_9f6eca-a3 > .kt-row-column-wrap{grid-template-columns:minmax(0, 1fr);}}<\/style><div class=\"kb-row-layout-wrap kb-row-layout-id_9f6eca-a3 alignnone wp-block-kadence-rowlayout\"><div class=\"kt-row-column-wrap kt-has-1-columns kt-row-layout-equal kt-tab-layout-inherit kt-mobile-layout-row kt-row-valign-top kb-theme-content-width\">\n<style>.kadence-column_9ddec9-8f > .kt-inside-inner-col,.kadence-column_9ddec9-8f > .kt-inside-inner-col:before{border-top-left-radius:0px;border-top-right-radius:0px;border-bottom-right-radius:0px;border-bottom-left-radius:0px;}.kadence-column_9ddec9-8f > .kt-inside-inner-col{column-gap:var(--global-kb-gap-sm, 1rem);}.kadence-column_9ddec9-8f > .kt-inside-inner-col{flex-direction:column;}.kadence-column_9ddec9-8f > .kt-inside-inner-col > .aligncenter{width:100%;}.kadence-column_9ddec9-8f > .kt-inside-inner-col:before{opacity:0.3;}.kadence-column_9ddec9-8f{position:relative;}@media all and (max-width: 1024px){.kadence-column_9ddec9-8f > .kt-inside-inner-col{flex-direction:column;justify-content:center;}}@media all and (max-width: 767px){.kadence-column_9ddec9-8f > .kt-inside-inner-col{flex-direction:column;justify-content:center;}}<\/style>\n<div class=\"wp-block-kadence-column kadence-column_9ddec9-8f inner-column-1\"><div class=\"kt-inside-inner-col\"><\/div><\/div>\n\n<\/div><\/div>\n\n<style>.kb-row-layout-id_4101e1-2f > .kt-row-column-wrap{align-content:start;}:where(.kb-row-layout-id_4101e1-2f > .kt-row-column-wrap) > .wp-block-kadence-column{justify-content:start;}.kb-row-layout-id_4101e1-2f > .kt-row-column-wrap{column-gap:var(--global-kb-gap-md, 2rem);row-gap:var(--global-kb-gap-md, 2rem);max-width:var( --global-content-width, 1290px );padding-left:var(--global-content-edge-padding);padding-right:var(--global-content-edge-padding);padding-top:65px;padding-bottom:0px;grid-template-columns:minmax(0, 1fr);}.kb-row-layout-id_4101e1-2f > .kt-row-layout-overlay{opacity:0.30;}@media all and (max-width: 1024px){.kb-row-layout-id_4101e1-2f > .kt-row-column-wrap{grid-template-columns:minmax(0, 1fr);}}@media all and (max-width: 767px){.kb-row-layout-id_4101e1-2f > .kt-row-column-wrap{grid-template-columns:minmax(0, 1fr);}}<\/style><div class=\"kb-row-layout-wrap kb-row-layout-id_4101e1-2f alignnone wp-block-kadence-rowlayout\"><div class=\"kt-row-column-wrap kt-has-1-columns kt-row-layout-equal kt-tab-layout-inherit kt-mobile-layout-row kt-row-valign-top kb-theme-content-width\">\n<style>.kadence-column_e63655-1d > .kt-inside-inner-col,.kadence-column_e63655-1d > .kt-inside-inner-col:before{border-top-left-radius:0px;border-top-right-radius:0px;border-bottom-right-radius:0px;border-bottom-left-radius:0px;}.kadence-column_e63655-1d > .kt-inside-inner-col{column-gap:var(--global-kb-gap-sm, 1rem);}.kadence-column_e63655-1d > .kt-inside-inner-col{flex-direction:column;}.kadence-column_e63655-1d > .kt-inside-inner-col > .aligncenter{width:100%;}.kadence-column_e63655-1d > .kt-inside-inner-col:before{opacity:0.3;}.kadence-column_e63655-1d{position:relative;}@media all and (max-width: 1024px){.kadence-column_e63655-1d > .kt-inside-inner-col{flex-direction:column;justify-content:center;}}@media all and (max-width: 767px){.kadence-column_e63655-1d > .kt-inside-inner-col{flex-direction:column;justify-content:center;}}<\/style>\n<div class=\"wp-block-kadence-column kadence-column_e63655-1d inner-column-1\"><div class=\"kt-inside-inner-col\"><style>.kt-tabs-id_f6e584-0f > .kt-tabs-content-wrap > .wp-block-kadence-tab{border-top:1px solid #553e91;border-right:1px solid #553e91;border-bottom:1px solid #553e91;border-left:1px solid #553e91;border-top-left-radius:0px;border-top-right-radius:0px;border-bottom-right-radius:0px;border-bottom-left-radius:0px;padding-top:36px;padding-right:36px;padding-bottom:36px;padding-left:36px;min-height:600px;background:#fff;}.wp-block-kadence-tabs .kt-tabs-id_f6e584-0f > .kt-tabs-title-list li{margin-top:0px;margin-right:-1px;margin-bottom:4px;margin-left:0px;}.wp-block-kadence-tabs .kt-tabs-id_f6e584-0f > .kt-tabs-title-list li .kt-tab-title, .wp-block-kadence-tabs .kt-tabs-id_f6e584-0f > .kt-tabs-content-wrap > .kt-tabs-accordion-title .kt-tab-title{line-height:35px;font-family:-apple-system,BlinkMacSystemFont,\"Segoe UI\",Roboto,Oxygen-Sans,Ubuntu,Cantarell,\"Helvetica Neue\",sans-serif, \"Apple Color Emoji\", \"Segoe UI Emoji\", \"Segoe UI Symbol\";font-weight:inherit;font-style:normal;border-top-width:1px;border-right-width:0px;border-bottom-width:1px;border-left-width:1px;border-top-left-radius:3px;border-top-right-radius:0px;border-bottom-right-radius:0px;border-bottom-left-radius:3px;padding-top:10px;padding-right:20px;padding-bottom:11px;padding-left:20px;border-color:var(--global-palette9, #ffffff);color:#3a75b5;background:var(--global-palette9, #ffffff);}.wp-block-kadence-tabs .kt-tabs-id_f6e584-0f > .kt-tabs-content-wrap > .kt-tabs-accordion-title .kt-tab-title{margin-top:0px;margin-right:-1px;margin-bottom:4px;margin-left:0px;}.wp-block-kadence-tabs .kt-tabs-id_f6e584-0f > .kt-tabs-title-list li .kt-tab-title:hover, .wp-block-kadence-tabs .kt-tabs-id_f6e584-0f > .kt-tabs-content-wrap > .kt-tabs-accordion-title .kt-tab-title:hover{border-color:var(--global-palette9, #ffffff);color:#553e91;background:#fff;}.wp-block-kadence-tabs .kt-tabs-id_f6e584-0f > .kt-tabs-title-list li.kt-tab-title-active .kt-tab-title, .wp-block-kadence-tabs .kt-tabs-id_f6e584-0f > .kt-tabs-content-wrap > .kt-tabs-accordion-title.kt-tab-title-active .kt-tab-title{border-color:#553e91;color:#553e91;background:#fff;}@media all and (min-width: 1025px){.wp-block-kadence-tabs .kt-tabs-id_f6e584-0f{display:flex;}.wp-block-kadence-tabs .kt-tabs-id_f6e584-0f > .kt-tabs-title-list{float:none;width:30%;}.wp-block-kadence-tabs .kt-tabs-id_f6e584-0f > .kt-tabs-content-wrap{float:none;width:auto;-webkit-flex:1;flex:1;}}@media all and (max-width: 1024px){.kt-tabs-id_f6e584-0f > .kt-tabs-content-wrap > .wp-block-kadence-tab{border-top:1px solid #553e91;border-right:1px solid #553e91;border-bottom:1px solid #553e91;border-left:1px solid #553e91;}}@media all and (min-width: 768px) and (max-width: 1024px){.wp-block-kadence-tabs .kt-tabs-id_f6e584-0f{display:flex;}.wp-block-kadence-tabs .kt-tabs-id_f6e584-0f > .kt-tabs-title-list{float:none;width:30%;}.wp-block-kadence-tabs .kt-tabs-id_f6e584-0f > .kt-tabs-content-wrap{float:none;width:auto;-webkit-flex:1;flex:1;}}@media all and (max-width: 767px){.kt-tabs-id_f6e584-0f > .kt-tabs-content-wrap > .wp-block-kadence-tab{border-top:1px solid #553e91;border-right:1px solid #553e91;border-bottom:1px solid #553e91;border-left:1px solid #553e91;}}<\/style>\n<div class=\"wp-block-kadence-tabs alignnone layout-vtabs\"><div class=\"kt-tabs-wrap kt-tabs-id_f6e584-0f kt-tabs-has-3-tabs kt-active-tab-3 kt-tabs-layout-vtabs kt-tabs-tablet-layout-inherit kt-tabs-mobile-layout-accordion kt-tab-alignment-left kt-create-accordion\"><ul class=\"kt-tabs-title-list\"><li id=\"tab-lecorset-sige\" class=\"kt-title-item kt-title-item-1 kt-tabs-svg-show-always kt-tabs-icon-side-left kt-tab-title-inactive\"><a href=\"#tab-lecorset-sige\" data-tab=\"1\" class=\"kt-tab-title kt-tab-title-1 \"><span class=\"kt-title-text\">Le corset-si\u00e8ge<\/span><\/a><\/li><li id=\"tab-leverticalisateur\" class=\"kt-title-item kt-title-item-2 kt-tabs-svg-show-always kt-tabs-icon-side-left kt-tab-title-inactive\"><a href=\"#tab-leverticalisateur\" data-tab=\"2\" class=\"kt-tab-title kt-tab-title-2 \"><span class=\"kt-title-text\">Le verticalisateur<\/span><\/a><\/li><li id=\"tab-lorthsededambulation\" class=\"kt-title-item kt-title-item-3 kt-tabs-svg-show-always kt-tabs-icon-side-left kt-tab-title-active\"><a href=\"#tab-lorthsededambulation\" data-tab=\"3\" class=\"kt-tab-title kt-tab-title-3 \"><span class=\"kt-title-text\">L&rsquo; orth\u00e8se de d\u00e9ambulation<\/span><\/a><\/li><\/ul><div class=\"kt-tabs-content-wrap\">\n<div class=\"wp-block-kadence-tab kt-tab-inner-content kt-inner-tab-1 kt-inner-tab_940d5b-38\"><div class=\"kt-tab-inner-content-inner\"><style>.kb-row-layout-id_6efc1a-0a > .kt-row-column-wrap{align-content:start;}:where(.kb-row-layout-id_6efc1a-0a > .kt-row-column-wrap) > .wp-block-kadence-column{justify-content:start;}.kb-row-layout-id_6efc1a-0a > .kt-row-column-wrap{column-gap:var(--global-kb-gap-md, 2rem);row-gap:var(--global-kb-gap-md, 2rem);max-width:var( --global-content-width, 1290px );padding-left:var(--global-content-edge-padding);padding-right:var(--global-content-edge-padding);padding-top:0px;padding-right:0px;padding-bottom:25px;padding-left:0px;grid-template-columns:minmax(0, 1fr);}.kb-row-layout-id_6efc1a-0a > .kt-row-layout-overlay{opacity:0.30;}@media all and (max-width: 1024px){.kb-row-layout-id_6efc1a-0a > .kt-row-column-wrap{grid-template-columns:minmax(0, 1fr);}}@media all and (max-width: 767px){.kb-row-layout-id_6efc1a-0a > .kt-row-column-wrap{grid-template-columns:minmax(0, 1fr);}}<\/style><div class=\"kb-row-layout-wrap kb-row-layout-id_6efc1a-0a alignnone wp-block-kadence-rowlayout\"><div class=\"kt-row-column-wrap kt-has-1-columns kt-row-layout-equal kt-tab-layout-inherit kt-mobile-layout-row kt-row-valign-top kb-theme-content-width\">\n<style>.kadence-column_515c7e-80 > .kt-inside-inner-col,.kadence-column_515c7e-80 > .kt-inside-inner-col:before{border-top-left-radius:0px;border-top-right-radius:0px;border-bottom-right-radius:0px;border-bottom-left-radius:0px;}.kadence-column_515c7e-80 > .kt-inside-inner-col{column-gap:var(--global-kb-gap-sm, 1rem);}.kadence-column_515c7e-80 > .kt-inside-inner-col{flex-direction:column;}.kadence-column_515c7e-80 > .kt-inside-inner-col > .aligncenter{width:100%;}.kadence-column_515c7e-80 > .kt-inside-inner-col:before{opacity:0.3;}.kadence-column_515c7e-80{position:relative;}@media all and (max-width: 1024px){.kadence-column_515c7e-80 > .kt-inside-inner-col{flex-direction:column;justify-content:center;}}@media all and (max-width: 767px){.kadence-column_515c7e-80 > .kt-inside-inner-col{flex-direction:column;justify-content:center;}}<\/style>\n<div class=\"wp-block-kadence-column kadence-column_515c7e-80 inner-column-1\"><div class=\"kt-inside-inner-col\">\n<figure class=\"wp-block-image size-large is-resized is-style-rounded\"><img loading=\"lazy\" decoding=\"async\" src=\"https:\/\/www.okam-ortho.fr\/wp-content\/uploads\/2023\/05\/346081432_924945312066376_1486898786711277925_n-768x1024.jpg\" alt=\"\" class=\"wp-image-3092\" width=\"576\" height=\"768\" srcset=\"https:\/\/www.okam-ortho.fr\/wp-content\/uploads\/2023\/05\/346081432_924945312066376_1486898786711277925_n-768x1024.jpg 768w, https:\/\/www.okam-ortho.fr\/wp-content\/uploads\/2023\/05\/346081432_924945312066376_1486898786711277925_n-225x300.jpg 225w, https:\/\/www.okam-ortho.fr\/wp-content\/uploads\/2023\/05\/346081432_924945312066376_1486898786711277925_n-1152x1536.jpg 1152w, https:\/\/www.okam-ortho.fr\/wp-content\/uploads\/2023\/05\/346081432_924945312066376_1486898786711277925_n.jpg 1536w\" sizes=\"auto, (max-width: 576px) 100vw, 576px\" \/><\/figure>\n<\/div><\/div>\n\n<\/div><\/div>\n\n\n<p>Le&nbsp;corset-si\u00e8ge&nbsp;est un appareillage qui vise \u00e0 offrir \u00e0 son utilisateur une&nbsp;station assise stable, confortable et fonctionnelle. Il remplit \u00e9galement un&nbsp;r\u00f4le pr\u00e9ventif sur les \u00e9ventuelles d\u00e9formations orthop\u00e9diques.<\/p>\n\n\n\n<p>R\u00e9alis\u00e9 sur mesure, un corset-si\u00e8ge peut \u00eatre personnalis\u00e9 \u00e0 l\u2019aide de nombreuses adjonctions : t\u00eati\u00e8re, accoudoirs, tablette, plots d\u2019abduction, repose-pieds, sangles de maintien, etc.<\/p>\n<\/div><\/div>\n\n\n\n<div class=\"wp-block-kadence-tab kt-tab-inner-content kt-inner-tab-2 kt-inner-tab_da632b-48\"><div class=\"kt-tab-inner-content-inner\"><style>.kb-row-layout-id_98e4a7-9e > .kt-row-column-wrap{align-content:start;}:where(.kb-row-layout-id_98e4a7-9e > .kt-row-column-wrap) > .wp-block-kadence-column{justify-content:start;}.kb-row-layout-id_98e4a7-9e > .kt-row-column-wrap{column-gap:var(--global-kb-gap-md, 2rem);row-gap:var(--global-kb-gap-md, 2rem);padding-top:0px;padding-bottom:25px;grid-template-columns:minmax(0, 1fr);}.kb-row-layout-id_98e4a7-9e > .kt-row-layout-overlay{opacity:0.30;}@media all and (max-width: 1024px){.kb-row-layout-id_98e4a7-9e > .kt-row-column-wrap{grid-template-columns:minmax(0, 1fr);}}@media all and (max-width: 767px){.kb-row-layout-id_98e4a7-9e > .kt-row-column-wrap{grid-template-columns:minmax(0, 1fr);}}<\/style><div class=\"kb-row-layout-wrap kb-row-layout-id_98e4a7-9e alignnone wp-block-kadence-rowlayout\"><div class=\"kt-row-column-wrap kt-has-1-columns kt-row-layout-equal kt-tab-layout-inherit kt-mobile-layout-row kt-row-valign-top\">\n<style>.kadence-column_23d81b-66 > .kt-inside-inner-col,.kadence-column_23d81b-66 > .kt-inside-inner-col:before{border-top-left-radius:0px;border-top-right-radius:0px;border-bottom-right-radius:0px;border-bottom-left-radius:0px;}.kadence-column_23d81b-66 > .kt-inside-inner-col{column-gap:var(--global-kb-gap-sm, 1rem);}.kadence-column_23d81b-66 > .kt-inside-inner-col{flex-direction:column;}.kadence-column_23d81b-66 > .kt-inside-inner-col > .aligncenter{width:100%;}.kadence-column_23d81b-66 > .kt-inside-inner-col:before{opacity:0.3;}.kadence-column_23d81b-66{position:relative;}@media all and (max-width: 1024px){.kadence-column_23d81b-66 > .kt-inside-inner-col{flex-direction:column;justify-content:center;}}@media all and (max-width: 767px){.kadence-column_23d81b-66 > .kt-inside-inner-col{flex-direction:column;justify-content:center;}}<\/style>\n<div class=\"wp-block-kadence-column kadence-column_23d81b-66 inner-column-1\"><div class=\"kt-inside-inner-col\">\n<figure class=\"wp-block-image size-large is-resized is-style-rounded\"><img loading=\"lazy\" decoding=\"async\" src=\"https:\/\/www.okam-ortho.fr\/wp-content\/uploads\/2023\/05\/348425004_762947845323328_7460955797948308104_n-768x1024.jpg\" alt=\"\" class=\"wp-image-3093\" width=\"576\" height=\"768\" title=\"image-orthese-coude-ottobock-orthopedie\" srcset=\"https:\/\/www.okam-ortho.fr\/wp-content\/uploads\/2023\/05\/348425004_762947845323328_7460955797948308104_n-768x1024.jpg 768w, https:\/\/www.okam-ortho.fr\/wp-content\/uploads\/2023\/05\/348425004_762947845323328_7460955797948308104_n-225x300.jpg 225w, https:\/\/www.okam-ortho.fr\/wp-content\/uploads\/2023\/05\/348425004_762947845323328_7460955797948308104_n-1152x1536.jpg 1152w, https:\/\/www.okam-ortho.fr\/wp-content\/uploads\/2023\/05\/348425004_762947845323328_7460955797948308104_n.jpg 1536w\" sizes=\"auto, (max-width: 576px) 100vw, 576px\" \/><\/figure>\n\n\n\n<p>Le&nbsp;verticalisateur&nbsp;est un&nbsp;appareillage&nbsp;qui vise \u00e0 offrir \u00e0 son utilisateur&nbsp;une position d\u00e9bout s\u00e9curis\u00e9e. Il&nbsp;favorise la digestion, la circulation sanguine, la respiration et l\u2019ossification. Sur le plan psychologique et social, il permet la&nbsp;d\u00e9couverte de son environnement&nbsp;avec un regard horizontal.<\/p>\n\n\n\n<p>Il est g\u00e9n\u00e9ralement pr\u00e9conis\u00e9 pour une&nbsp;utilisation quotidienne de courte dur\u00e9e.<\/p>\n\n\n\n<p>Il existe diff\u00e9rents types de verticalisateur en fonction de la verticalisation recherch\u00e9e :&nbsp;ventrale&nbsp;ou&nbsp;dorsale.<\/p>\n\n\n\n<p>R\u00e9alis\u00e9 sur mesure, un verticalisateur est une coque moul\u00e9e en thermoplastique dont l\u2019aspect est personnalisable. Des adjonctions ainsi que le support de la coque apportent davantage de fonctionnalit\u00e9 au dispositif.<\/p>\n<\/div><\/div>\n\n<\/div><\/div><\/div><\/div>\n\n\n\n<div class=\"wp-block-kadence-tab kt-tab-inner-content kt-inner-tab-3 kt-inner-tab_c48762-82\"><div class=\"kt-tab-inner-content-inner\"><style>.kb-row-layout-id_6b7554-73 > .kt-row-column-wrap{align-content:start;}:where(.kb-row-layout-id_6b7554-73 > .kt-row-column-wrap) > .wp-block-kadence-column{justify-content:start;}.kb-row-layout-id_6b7554-73 > .kt-row-column-wrap{column-gap:var(--global-kb-gap-md, 2rem);row-gap:var(--global-kb-gap-md, 2rem);max-width:var( --global-content-width, 1290px );padding-left:var(--global-content-edge-padding);padding-right:var(--global-content-edge-padding);padding-top:var(--global-kb-spacing-sm, 1.5rem);padding-bottom:var(--global-kb-spacing-sm, 1.5rem);grid-template-columns:minmax(0, 1fr);}.kb-row-layout-id_6b7554-73 > .kt-row-layout-overlay{opacity:0.30;}@media all and (max-width: 1024px){.kb-row-layout-id_6b7554-73 > .kt-row-column-wrap{grid-template-columns:minmax(0, 1fr);}}@media all and (max-width: 767px){.kb-row-layout-id_6b7554-73 > .kt-row-column-wrap{grid-template-columns:minmax(0, 1fr);}}<\/style><div class=\"kb-row-layout-wrap kb-row-layout-id_6b7554-73 alignnone wp-block-kadence-rowlayout\"><div class=\"kt-row-column-wrap kt-has-1-columns kt-row-layout-equal kt-tab-layout-inherit kt-mobile-layout-row kt-row-valign-top kb-theme-content-width\">\n<style>.kadence-column_a41967-f6 > .kt-inside-inner-col,.kadence-column_a41967-f6 > .kt-inside-inner-col:before{border-top-left-radius:0px;border-top-right-radius:0px;border-bottom-right-radius:0px;border-bottom-left-radius:0px;}.kadence-column_a41967-f6 > .kt-inside-inner-col{column-gap:var(--global-kb-gap-sm, 1rem);}.kadence-column_a41967-f6 > .kt-inside-inner-col{flex-direction:column;}.kadence-column_a41967-f6 > .kt-inside-inner-col > .aligncenter{width:100%;}.kadence-column_a41967-f6 > .kt-inside-inner-col:before{opacity:0.3;}.kadence-column_a41967-f6{position:relative;}@media all and (max-width: 1024px){.kadence-column_a41967-f6 > .kt-inside-inner-col{flex-direction:column;justify-content:center;}}@media all and (max-width: 767px){.kadence-column_a41967-f6 > .kt-inside-inner-col{flex-direction:column;justify-content:center;}}<\/style>\n<div class=\"wp-block-kadence-column kadence-column_a41967-f6 inner-column-1\"><div class=\"kt-inside-inner-col\"><style>.kb-row-layout-id_daee3b-0b > .kt-row-column-wrap{align-content:start;}:where(.kb-row-layout-id_daee3b-0b > .kt-row-column-wrap) > .wp-block-kadence-column{justify-content:start;}.kb-row-layout-id_daee3b-0b > .kt-row-column-wrap{column-gap:var(--global-kb-gap-md, 2rem);row-gap:var(--global-kb-gap-md, 2rem);max-width:var( --global-content-width, 1290px );padding-left:var(--global-content-edge-padding);padding-right:var(--global-content-edge-padding);padding-top:var(--global-kb-spacing-sm, 1.5rem);padding-bottom:var(--global-kb-spacing-sm, 1.5rem);grid-template-columns:minmax(0, 1fr);}.kb-row-layout-id_daee3b-0b > .kt-row-layout-overlay{opacity:0.30;}@media all and (max-width: 1024px){.kb-row-layout-id_daee3b-0b > .kt-row-column-wrap{grid-template-columns:minmax(0, 1fr);}}@media all and (max-width: 767px){.kb-row-layout-id_daee3b-0b > .kt-row-column-wrap{grid-template-columns:minmax(0, 1fr);}}<\/style><div class=\"kb-row-layout-wrap kb-row-layout-id_daee3b-0b alignnone wp-block-kadence-rowlayout\"><div class=\"kt-row-column-wrap kt-has-1-columns kt-row-layout-equal kt-tab-layout-inherit kt-mobile-layout-row kt-row-valign-top kb-theme-content-width\">\n<style>.kadence-column_f56cf9-10 > .kt-inside-inner-col,.kadence-column_f56cf9-10 > .kt-inside-inner-col:before{border-top-left-radius:0px;border-top-right-radius:0px;border-bottom-right-radius:0px;border-bottom-left-radius:0px;}.kadence-column_f56cf9-10 > .kt-inside-inner-col{column-gap:var(--global-kb-gap-sm, 1rem);}.kadence-column_f56cf9-10 > .kt-inside-inner-col{flex-direction:column;}.kadence-column_f56cf9-10 > .kt-inside-inner-col > .aligncenter{width:100%;}.kadence-column_f56cf9-10 > .kt-inside-inner-col:before{opacity:0.3;}.kadence-column_f56cf9-10{position:relative;}@media all and (max-width: 1024px){.kadence-column_f56cf9-10 > .kt-inside-inner-col{flex-direction:column;justify-content:center;}}@media all and (max-width: 767px){.kadence-column_f56cf9-10 > .kt-inside-inner-col{flex-direction:column;justify-content:center;}}<\/style>\n<div class=\"wp-block-kadence-column kadence-column_f56cf9-10 inner-column-1\"><div class=\"kt-inside-inner-col\">\n<figure class=\"wp-block-image size-large is-resized is-style-rounded\"><img loading=\"lazy\" decoding=\"async\" src=\"https:\/\/www.okam-ortho.fr\/wp-content\/uploads\/2023\/07\/363418034_185949781140621_6740084171796899488_n-768x1024.jpg\" alt=\"\" class=\"wp-image-3113\" width=\"576\" height=\"768\" srcset=\"https:\/\/www.okam-ortho.fr\/wp-content\/uploads\/2023\/07\/363418034_185949781140621_6740084171796899488_n-768x1024.jpg 768w, https:\/\/www.okam-ortho.fr\/wp-content\/uploads\/2023\/07\/363418034_185949781140621_6740084171796899488_n-225x300.jpg 225w, https:\/\/www.okam-ortho.fr\/wp-content\/uploads\/2023\/07\/363418034_185949781140621_6740084171796899488_n-1152x1536.jpg 1152w, https:\/\/www.okam-ortho.fr\/wp-content\/uploads\/2023\/07\/363418034_185949781140621_6740084171796899488_n.jpg 1536w\" sizes=\"auto, (max-width: 576px) 100vw, 576px\" \/><\/figure>\n\n\n\n<p>L\u2019orth\u00e8se de d\u00e9ambulation ou la selle est une orth\u00e8se permettant une approche de la marche debout (fl\u00e8che) ou \u00e0 quatre pattes (orchid\u00e9e) pour les enfants polyhandicap\u00e9s.<\/p>\n\n\n\n<p><strong>* Descriptif<\/strong>&nbsp;: cette orth\u00e8se est constitu\u00e9e d\u2019un corselet r\u00e9alis\u00e9 sur mesure et mont\u00e9 sur un support roulant.<\/p>\n\n\n\n<p><strong>* Principe<\/strong>&nbsp;:<br>Les bienfaits de la d\u00e9ambulation sont proches de ceux de la verticalisation et apporte en plus l\u2019apprentissage ludique de la marche.<\/p>\n<\/div><\/div>\n\n<\/div><\/div><\/div><\/div>\n\n<\/div><\/div><\/div><\/div>\n<\/div><\/div><\/div>\n<\/div><\/div>\n\n<\/div><\/div>\n\n<style>.wp-block-kadence-spacer.kt-block-spacer-_b00cb8-41 .kt-block-spacer{height:60px;}.wp-block-kadence-spacer.kt-block-spacer-_b00cb8-41 .kt-divider{border-top-width:1px;height:1px;border-top-color:#eee;width:80%;border-top-style:solid;}<\/style>\n<div class=\"wp-block-kadence-spacer aligncenter kt-block-spacer-_b00cb8-41\"><div class=\"kt-block-spacer kt-block-spacer-halign-center\"><\/div><\/div>\n","protected":false},"excerpt":{"rendered":"<p>Orth\u00e8se de positionnement :<\/p>\n","protected":false},"author":1,"featured_media":0,"parent":0,"menu_order":0,"comment_status":"closed","ping_status":"closed","template":"","meta":{"_kadence_starter_templates_imported_post":true,"_kad_post_transparent":"enable","_kad_post_title":"hide","_kad_post_layout":"fullwidth","_kad_post_sidebar_id":"","_kad_post_content_style":"unboxed","_kad_post_vertical_padding":"hide","_kad_post_feature":"","_kad_post_feature_position":"","_kad_post_header":false,"_kad_post_footer":false,"_kad_post_classname":"","footnotes":""},"class_list":["post-1683","page","type-page","status-publish","hentry"],"_links":{"self":[{"href":"https:\/\/www.okam-ortho.fr\/index.php\/wp-json\/wp\/v2\/pages\/1683","targetHints":{"allow":["GET"]}}],"collection":[{"href":"https:\/\/www.okam-ortho.fr\/index.php\/wp-json\/wp\/v2\/pages"}],"about":[{"href":"https:\/\/www.okam-ortho.fr\/index.php\/wp-json\/wp\/v2\/types\/page"}],"author":[{"embeddable":true,"href":"https:\/\/www.okam-ortho.fr\/index.php\/wp-json\/wp\/v2\/users\/1"}],"replies":[{"embeddable":true,"href":"https:\/\/www.okam-ortho.fr\/index.php\/wp-json\/wp\/v2\/comments?post=1683"}],"version-history":[{"count":31,"href":"https:\/\/www.okam-ortho.fr\/index.php\/wp-json\/wp\/v2\/pages\/1683\/revisions"}],"predecessor-version":[{"id":3121,"href":"https:\/\/www.okam-ortho.fr\/index.php\/wp-json\/wp\/v2\/pages\/1683\/revisions\/3121"}],"wp:attachment":[{"href":"https:\/\/www.okam-ortho.fr\/index.php\/wp-json\/wp\/v2\/media?parent=1683"}],"curies":[{"name":"wp","href":"https:\/\/api.w.org\/{rel}","templated":true}]}}