{"id":1723,"date":"2023-01-16T18:52:41","date_gmt":"2023-01-16T17:52:41","guid":{"rendered":"https:\/\/okam-ortho.fr\/?page_id=1723"},"modified":"2023-03-12T19:01:18","modified_gmt":"2023-03-12T18:01:18","slug":"quest-ce-que-la-plagiocephalie","status":"publish","type":"page","link":"https:\/\/www.okam-ortho.fr\/index.php\/quest-ce-que-la-plagiocephalie\/","title":{"rendered":"Qu&rsquo;est-ce que la Plagioc\u00e9phalie"},"content":{"rendered":"<style>.kb-row-layout-id_80fdf0-3b > .kt-row-column-wrap{align-content:start;}:where(.kb-row-layout-id_80fdf0-3b > .kt-row-column-wrap) > .wp-block-kadence-column{justify-content:start;}.kb-row-layout-id_80fdf0-3b > .kt-row-column-wrap{column-gap:var(--global-kb-gap-md, 2rem);row-gap:var(--global-kb-gap-md, 2rem);max-width:var( --global-content-width, 1290px );padding-left:var(--global-content-edge-padding);padding-right:var(--global-content-edge-padding);padding-top:225px;padding-bottom:21px;grid-template-columns:minmax(0, 1fr);}.kb-row-layout-id_80fdf0-3b{background-image:url('https:\/\/www.okam-ortho.fr\/wp-content\/uploads\/2023\/03\/baby-1-1920x1280-1.jpg');background-size:cover;background-position:center center;background-attachment:scroll;background-repeat:no-repeat;}.kb-row-layout-id_80fdf0-3b > .kt-row-layout-overlay{opacity:0.35;background-color:#242d2d;}@media all and (max-width: 1024px){.kb-row-layout-id_80fdf0-3b > .kt-row-column-wrap{grid-template-columns:minmax(0, 1fr);}}@media all and (max-width: 767px){.kb-row-layout-id_80fdf0-3b > .kt-row-column-wrap{grid-template-columns:minmax(0, 1fr);}}<\/style><div class=\"kb-row-layout-wrap kb-row-layout-id_80fdf0-3b alignnone kt-row-has-bg wp-block-kadence-rowlayout\"><div class=\"kt-row-layout-overlay kt-row-overlay-normal\"><\/div><div class=\"kt-row-column-wrap kt-has-1-columns kt-row-layout-equal kt-tab-layout-inherit kt-mobile-layout-row kt-row-valign-top kb-theme-content-width\">\n<style>.kadence-column_6d4c23-b7 > .kt-inside-inner-col,.kadence-column_6d4c23-b7 > .kt-inside-inner-col:before{border-top-left-radius:0px;border-top-right-radius:0px;border-bottom-right-radius:0px;border-bottom-left-radius:0px;}.kadence-column_6d4c23-b7 > .kt-inside-inner-col{column-gap:var(--global-kb-gap-sm, 1rem);}.kadence-column_6d4c23-b7 > .kt-inside-inner-col{flex-direction:column;}.kadence-column_6d4c23-b7 > .kt-inside-inner-col > .aligncenter{width:100%;}.kadence-column_6d4c23-b7 > .kt-inside-inner-col:before{opacity:0.3;}.kadence-column_6d4c23-b7{position:relative;}@media all and (max-width: 1024px){.kadence-column_6d4c23-b7 > .kt-inside-inner-col{flex-direction:column;justify-content:center;}}@media all and (max-width: 767px){.kadence-column_6d4c23-b7 > .kt-inside-inner-col{flex-direction:column;justify-content:center;}}<\/style>\n<div class=\"wp-block-kadence-column kadence-column_6d4c23-b7 inner-column-1\"><div class=\"kt-inside-inner-col\">\n<p><\/p>\n\n\n<style>.wp-block-kadence-advancedheading.kt-adv-heading_373c83-60, .wp-block-kadence-advancedheading.kt-adv-heading_373c83-60[data-kb-block=\"kb-adv-heading_373c83-60\"]{font-size:65px;line-height:56px;font-weight:200;font-style:normal;font-family:-apple-system,BlinkMacSystemFont,\"Segoe UI\",Roboto,Oxygen-Sans,Ubuntu,Cantarell,\"Helvetica Neue\",sans-serif, \"Apple Color Emoji\", \"Segoe UI Emoji\", \"Segoe UI Symbol\";text-shadow:2px 2px 1px #000000;}.wp-block-kadence-advancedheading.kt-adv-heading_373c83-60 mark.kt-highlight, .wp-block-kadence-advancedheading.kt-adv-heading_373c83-60[data-kb-block=\"kb-adv-heading_373c83-60\"] mark.kt-highlight{font-style:normal;color:#f76a0c;-webkit-box-decoration-break:clone;box-decoration-break:clone;padding-top:0px;padding-right:0px;padding-bottom:0px;padding-left:0px;}.wp-block-kadence-advancedheading.kt-adv-heading_373c83-60 img.kb-inline-image, .wp-block-kadence-advancedheading.kt-adv-heading_373c83-60[data-kb-block=\"kb-adv-heading_373c83-60\"] img.kb-inline-image{width:150px;vertical-align:baseline;}@media all and (max-width: 1024px){.wp-block-kadence-advancedheading.kt-adv-heading_373c83-60, .wp-block-kadence-advancedheading.kt-adv-heading_373c83-60[data-kb-block=\"kb-adv-heading_373c83-60\"]{text-shadow:2px 2px 1px #000000;font-size:45px;}}@media all and (max-width: 767px){.wp-block-kadence-advancedheading.kt-adv-heading_373c83-60, .wp-block-kadence-advancedheading.kt-adv-heading_373c83-60[data-kb-block=\"kb-adv-heading_373c83-60\"]{text-shadow:2px 2px 1px #000000;font-size:35px;}}<\/style>\n<h1 class=\"kt-adv-heading_373c83-60 wp-block-kadence-advancedheading has-theme-palette-9-color has-text-color\" data-kb-block=\"kb-adv-heading_373c83-60\">Qu\u2019est-ce que la plagioc\u00e9phalie ?<\/h1>\n<\/div><\/div>\n\n<\/div><\/div>\n\n<style>.kb-row-layout-wrap.wp-block-kadence-rowlayout.kb-row-layout-id_be05b7-59{margin-top:0px;margin-bottom:30px;}.kb-row-layout-id_be05b7-59 > .kt-row-column-wrap{align-content:center;}:where(.kb-row-layout-id_be05b7-59 > .kt-row-column-wrap) > .wp-block-kadence-column{justify-content:center;}.kb-row-layout-id_be05b7-59 > .kt-row-column-wrap{column-gap:20px;row-gap:var(--global-kb-gap-none, 0rem );max-width:var( --global-content-width, 1290px );padding-left:var(--global-content-edge-padding);padding-right:var(--global-content-edge-padding);padding-top:90px;padding-right:0px;padding-bottom:90px;padding-left:0px;grid-template-columns:minmax(0, calc(45% - ((20px * 1 )\/2)))minmax(0, calc(55% - ((20px * 1 )\/2)));}.kb-row-layout-id_be05b7-59{background-color:#ffffff;}.kb-row-layout-id_be05b7-59 > .kt-row-layout-overlay{opacity:0.30;}@media all and (max-width: 1024px){.kb-row-layout-id_be05b7-59 > .kt-row-column-wrap{padding-top:30px;padding-right:100px;padding-bottom:30px;padding-left:100px;grid-template-columns:repeat(2, minmax(0, 1fr));}}@media all and (max-width: 767px){.kb-row-layout-wrap.wp-block-kadence-rowlayout.kb-row-layout-id_be05b7-59{margin-top:0px;margin-bottom:0px;}.kb-row-layout-id_be05b7-59 > .kt-row-column-wrap{padding-top:60px;padding-right:40px;padding-bottom:30px;padding-left:40px;grid-template-columns:minmax(0, 1fr);}}<\/style><div class=\"kb-row-layout-wrap kb-row-layout-id_be05b7-59 alignnone kt-row-has-bg wp-block-kadence-rowlayout\"><div class=\"kt-row-column-wrap kt-has-2-columns kt-row-layout-equal kt-tab-layout-inherit kt-mobile-layout-row kt-row-valign-middle kb-theme-content-width\">\n<style>.kadence-column_88bc85-b5 > .kt-inside-inner-col{padding-top:20px;padding-right:50px;padding-bottom:20px;padding-left:20px;}.kadence-column_88bc85-b5 > .kt-inside-inner-col{box-shadow:0px 0px 14px 0px rgba(0, 0, 0, 0.2);}.kadence-column_88bc85-b5 > .kt-inside-inner-col,.kadence-column_88bc85-b5 > .kt-inside-inner-col:before{border-top-left-radius:0px;border-top-right-radius:0px;border-bottom-right-radius:0px;border-bottom-left-radius:0px;}.kadence-column_88bc85-b5 > .kt-inside-inner-col{column-gap:var(--global-kb-gap-sm, 1rem);}.kadence-column_88bc85-b5 > .kt-inside-inner-col{flex-direction:column;}.kadence-column_88bc85-b5 > .kt-inside-inner-col > .aligncenter{width:100%;}.kadence-column_88bc85-b5 > .kt-inside-inner-col:before{opacity:0.3;}.kadence-column_88bc85-b5, .kadence-column_88bc85-b5 h1, .kadence-column_88bc85-b5 h2, .kadence-column_88bc85-b5 h3, .kadence-column_88bc85-b5 h4, .kadence-column_88bc85-b5 h5, .kadence-column_88bc85-b5 h6{color:#553e91;}.kadence-column_88bc85-b5{position:relative;}@media all and (max-width: 1024px){.kadence-column_88bc85-b5 > .kt-inside-inner-col{flex-direction:column;justify-content:center;}}@media all and (max-width: 767px){.kadence-column_88bc85-b5 > .kt-inside-inner-col{padding-top:0px;padding-right:0px;padding-bottom:0px;padding-left:0px;flex-direction:column;justify-content:center;}}<\/style>\n<div class=\"wp-block-kadence-column kadence-column_88bc85-b5 inner-column-1\"><div class=\"kt-inside-inner-col\">\n<h3 class=\"has-text-color wp-block-heading\" style=\"color:#553e91\"><strong>Comment d\u00e9finir la plagioc\u00e9phalie ?<\/strong><\/h3>\n\n\n\n<p>La&nbsp;plagioc\u00e9phalie&nbsp;(du grec \u201cplagios\u201d qui signifie oblique, et \u201ckephal\u00ea\u201d qui signifie t\u00eate) est une d\u00e9formation du cr\u00e2ne qui se manifeste chez le nourrisson. \u00c9galement appel\u00e9e \u201csyndrome de la t\u00eate plate\u201d, elle se caract\u00e9rise par un aplatissement unilat\u00e9ral de la vo\u00fbte cr\u00e2nienne, et est visible chez le nouveau-n\u00e9 ou lors des premiers mois de sa vie.<\/p>\n\n\n\n<p><br>Les plagioc\u00e9phalie, brachyc\u00e9phalie, scaphoc\u00e9phalie et trigonoc\u00e9phalie sont des termes utilis\u00e9s pour d\u00e9signer divers types de d\u00e9formations cr\u00e2niennes, que ces derni\u00e8res soient structurales ou positionnelles :<\/p>\n\n\n\n<ul class=\"wp-block-list\">\n<li>Les d\u00e9formations cr\u00e2niennes peuvent \u00eatre positionnelles ou posturales lorsqu&rsquo;elles sont caus\u00e9es par des pressions externes. Elles peuvent \u00eatre li\u00e9es \u00e0 la position du f\u0153tus dans l&rsquo;ut\u00e9rus qui persiste apr\u00e8s la naissance (syndrome postural du nouveau-n\u00e9 ou \u00ab\u00a0b\u00e9b\u00e9 moul\u00e9\u00a0\u00bb), ou \u00e0 la position couch\u00e9e sur le dos dans les semaines qui suivent la naissance. D&rsquo;autres facteurs peuvent \u00e9galement aggraver la situation, tels que :\n<ul class=\"wp-block-list\">\n<li>le nombre d\u2019enfants dans le ventre<\/li>\n\n\n\n<li>la pr\u00e9sence d\u2019un torticolis cong\u00e9nital<\/li>\n\n\n\n<li>la pr\u00e9maturit\u00e9 &#8230;<\/li>\n<\/ul>\n<\/li>\n\n\n\n<li>Les d\u00e9formations cr\u00e2niennes sont dites structurales par malformation cong\u00e9nitale lorsqu&rsquo;elles sont caus\u00e9es par une fermeture pr\u00e9matur\u00e9e d&rsquo;une ou plusieurs fontanelles (appel\u00e9es \u00e9galement craniosynostoses ou craniost\u00e9noses). Ces derni\u00e8res peuvent \u00eatre plus s\u00e9v\u00e8res que les d\u00e9formations positionnelles et n\u00e9cessitent une intervention chirurgicale pour \u00e9viter des complications. Il est donc crucial de les identifier rapidement.<\/li>\n<\/ul>\n\n\n\n<p><\/p>\n<\/div><\/div>\n\n\n<style>.kadence-column_b487be-41 > .kt-inside-inner-col{padding-top:20px;padding-right:20px;padding-bottom:20px;padding-left:20px;}.kadence-column_b487be-41 > .kt-inside-inner-col{min-height:1250px;box-shadow:0px 0px 14px 0px rgba(0, 0, 0, 0.2);}.kadence-column_b487be-41 > .kt-inside-inner-col,.kadence-column_b487be-41 > .kt-inside-inner-col:before{border-top-left-radius:0px;border-top-right-radius:0px;border-bottom-right-radius:0px;border-bottom-left-radius:0px;}.kadence-column_b487be-41 > .kt-inside-inner-col{column-gap:var(--global-kb-gap-sm, 1rem);}.kadence-column_b487be-41 > .kt-inside-inner-col{flex-direction:column;}.kadence-column_b487be-41 > .kt-inside-inner-col > .aligncenter{width:100%;}.kadence-column_b487be-41 > .kt-inside-inner-col:before{opacity:0.3;}.kadence-column_b487be-41, .kadence-column_b487be-41 h1, .kadence-column_b487be-41 h2, .kadence-column_b487be-41 h3, .kadence-column_b487be-41 h4, .kadence-column_b487be-41 h5, .kadence-column_b487be-41 h6{color:#553e91;}.kadence-column_b487be-41 a{color:#3a75b5;}.kadence-column_b487be-41 a:hover{color:var(--global-palette1, #3182CE);}.kadence-column_b487be-41{position:relative;}@media all and (max-width: 1024px){.kadence-column_b487be-41 > .kt-inside-inner-col{flex-direction:column;justify-content:center;}}@media all and (max-width: 767px){.kadence-column_b487be-41 > .kt-inside-inner-col{padding-right:0px;padding-left:0px;flex-direction:column;justify-content:center;}}<\/style>\n<div class=\"wp-block-kadence-column kadence-column_b487be-41 inner-column-2\"><div class=\"kt-inside-inner-col\">\n<h3 class=\"has-text-color wp-block-heading\" style=\"color:#553e91\"><strong>Quels sont les diff\u00e9rents types de d\u00e9formations cr\u00e2niennes ?<\/strong><\/h3>\n\n\n\n<p>La plagioc\u00e9phalie, la brachyc\u00e9phalie et d&rsquo;autres d\u00e9formations cr\u00e2niennes ne sont pas des maladies, mais des cons\u00e9quences.<\/p>\n\n\n\n<p><strong>Quelques exemples de types de d\u00e9formations cr\u00e2niennes possibles :<\/strong><\/p>\n\n\n\n<ul class=\"wp-block-list\">\n<li><strong>La\u00a0plagioc\u00e9phalie<\/strong> : est une d\u00e9formation caract\u00e9ris\u00e9e par un aplatissement unilat\u00e9ral de l&rsquo;arri\u00e8re de la t\u00eate, un front plus pro\u00e9minent d&rsquo;un c\u00f4t\u00e9, une oreille plus avanc\u00e9e et un \u0153il plus ouvert.<\/li>\n\n\n\n<li><strong>La\u00a0brachyc\u00e9phalie<\/strong> :\u00a0(ou syndrome de la t\u00eate plate) est une d\u00e9formation caract\u00e9ris\u00e9e par un aplatissement tr\u00e8s prononc\u00e9 de l&rsquo;arri\u00e8re de la t\u00eate, ce qui entra\u00eene un effacement de la nuque, on constate une t\u00eate plus large que profonde.<\/li>\n\n\n\n<li><strong>La\u00a0scaphoc\u00e9phalie<\/strong>\u00a0: D\u00e9formation caract\u00e9ris\u00e9e par un allongement \u00e9troit et haut de la t\u00eate.<\/li>\n\n\n\n<li><strong>La\u00a0trigonoc\u00e9phalie<\/strong>\u00a0: est une d\u00e9formation d\u00fb \u00e0 la fusion pr\u00e9matur\u00e9e d&rsquo;une ou des sutures des os du crane.<\/li>\n<\/ul>\n\n\n\n<p>Enfin, il convient de noter que le b\u00e9b\u00e9 peut pr\u00e9senter une d\u00e9formation combinant plusieurs de ces formes, par exemple une brachyc\u00e9phalie et une plagioc\u00e9phalie.<\/p>\n\n\n\n<h3 class=\"has-text-color wp-block-heading\" style=\"color:#553e91\"><strong>Plagioc\u00e9phalie, quand s\u2019inqui\u00e9ter ?<\/strong><\/h3>\n\n\n\n<p><br>Toute observation d&rsquo;une d\u00e9formation cr\u00e2nienne, n\u00e9cessite une consultation m\u00e9dicale. Si un traitement est n\u00e9cessaire, il est important de le commencer le plus t\u00f4t possible.<\/p>\n<\/div><\/div>\n\n<\/div><\/div>\n\n<style>.wp-block-kadence-advancedbtn.kb-btns_373266-22{gap:var(--global-kb-gap-xs, 0.5rem );justify-content:center;align-items:center;}.kt-btns_373266-22 .kt-button{font-weight:normal;font-style:normal;}<\/style>\n<div class=\"wp-block-kadence-advancedbtn kb-buttons-wrap kb-btns_373266-22\"><style>ul.menu .wp-block-kadence-advancedbtn .kb-btn_4f33f1-fc.kb-button{width:initial;}.wp-block-kadence-advancedbtn .kb-btn_4f33f1-fc.kb-button{box-shadow:2px 2px 2px 0px var(--global-palette6, #718096);}<\/style><a class=\"kb-button kt-button button kb-btn_4f33f1-fc kt-btn-size-standard kt-btn-width-type-auto kb-btn-global-inherit  kt-btn-has-text-true kt-btn-has-svg-false  wp-block-button__link wp-block-kadence-singlebtn\" href=\"https:\/\/okam-ortho.fr\/index.php\/la-plagiocephalie\/\"><span class=\"kt-btn-inner-text\">RETOUR A LA PAGE PLAGIOC\u00c9PHALIE<\/span><\/a><\/div>\n\n\n<style>.wp-block-kadence-spacer.kt-block-spacer-_d2535b-a6 .kt-block-spacer{height:60px;}.wp-block-kadence-spacer.kt-block-spacer-_d2535b-a6 .kt-divider{border-top-width:1px;height:1px;border-top-color:#eee;width:80%;border-top-style:solid;}<\/style>\n<div class=\"wp-block-kadence-spacer aligncenter kt-block-spacer-_d2535b-a6\"><div class=\"kt-block-spacer kt-block-spacer-halign-center\"><\/div><\/div>\n","protected":false},"excerpt":{"rendered":"<p>Qu\u2019est-ce que la plagioc\u00e9phalie ? Comment d\u00e9finir la plagioc\u00e9phalie ? La&nbsp;plagioc\u00e9phalie&nbsp;(du grec \u201cplagios\u201d qui signifie oblique, et \u201ckephal\u00ea\u201d qui signifie t\u00eate) est une d\u00e9formation du cr\u00e2ne qui se manifeste chez le nourrisson. \u00c9galement appel\u00e9e \u201csyndrome de la t\u00eate plate\u201d, elle se caract\u00e9rise par un aplatissement unilat\u00e9ral de la vo\u00fbte cr\u00e2nienne, et est visible chez le&#8230;<\/p>\n","protected":false},"author":1,"featured_media":0,"parent":0,"menu_order":0,"comment_status":"closed","ping_status":"closed","template":"","meta":{"_kadence_starter_templates_imported_post":true,"_kad_post_transparent":"enable","_kad_post_title":"hide","_kad_post_layout":"fullwidth","_kad_post_sidebar_id":"","_kad_post_content_style":"unboxed","_kad_post_vertical_padding":"hide","_kad_post_feature":"","_kad_post_feature_position":"","_kad_post_header":false,"_kad_post_footer":false,"_kad_post_classname":"","footnotes":""},"class_list":["post-1723","page","type-page","status-publish","hentry"],"_links":{"self":[{"href":"https:\/\/www.okam-ortho.fr\/index.php\/wp-json\/wp\/v2\/pages\/1723","targetHints":{"allow":["GET"]}}],"collection":[{"href":"https:\/\/www.okam-ortho.fr\/index.php\/wp-json\/wp\/v2\/pages"}],"about":[{"href":"https:\/\/www.okam-ortho.fr\/index.php\/wp-json\/wp\/v2\/types\/page"}],"author":[{"embeddable":true,"href":"https:\/\/www.okam-ortho.fr\/index.php\/wp-json\/wp\/v2\/users\/1"}],"replies":[{"embeddable":true,"href":"https:\/\/www.okam-ortho.fr\/index.php\/wp-json\/wp\/v2\/comments?post=1723"}],"version-history":[{"count":23,"href":"https:\/\/www.okam-ortho.fr\/index.php\/wp-json\/wp\/v2\/pages\/1723\/revisions"}],"predecessor-version":[{"id":2785,"href":"https:\/\/www.okam-ortho.fr\/index.php\/wp-json\/wp\/v2\/pages\/1723\/revisions\/2785"}],"wp:attachment":[{"href":"https:\/\/www.okam-ortho.fr\/index.php\/wp-json\/wp\/v2\/media?parent=1723"}],"curies":[{"name":"wp","href":"https:\/\/api.w.org\/{rel}","templated":true}]}}